 3, 227
Let f(u) = 12*u**2 - 27*u + 226. What are the prime factors of f(9)?
5, 191
Suppose 0 = 5*y - 4*l - 1027, 0 = -2*y + 2*l - 5*l + 397. Suppose -2*d - 3*d = -3*q + y, -2*d - q = 79. List the prime factors of 8/10 + (-1088)/d.
2, 7
Suppose -u + 70 = -31. Let c = u - 18. Suppose 3*p + l = c, 0 = -2*p + 5*p + 3*l - 93. List the prime factors of p.
2, 13
Suppose -c + 20 = -0*z - 2*z, -c + 5*z = -23. Suppose 3*a - 5*g + c + 5 = 0, -2*g = -3*a - 20. What are the prime factors of (-3)/(9/a) + 32?
2, 17
Let f(y) = y - 8. Let l be f(4). List the prime factors of (286/l - 2)*(-24)/14.
2, 3, 7
Suppose -o + 4*o = -84. Let f be 4/(-3 - o/8). List the prime factors of (9 - f)/(2/60).
2, 3, 5
Suppose -5*q = -25, 4*q - 237 + 990 = n. Suppose 0 = 4*p + 5*z - n, 2*p = -7*z + 4*z + 389. List the prime factors of p.
11, 17
Let v(k) = k - 22. Let h be v(20). What are the prime factors of h/(-9) + ((-862)/(-9))/1?
2, 3
Let z = -50 - -141. Suppose -c - c = 5*b - 233, 2*b - z = -3*c. What are the prime factors of b?
47
List the prime factors of (-45 - 1)*25/(-25)*6.
2, 3, 23
Suppose 4*j = -3*y + y - 16, -5*y = -3*j - 12. List the prime factors of (j/(-8))/((-2)/(-188)).
47
Let u(o) = -5*o**2 - 6*o + 1. Let j(p) = 6*p**2 + 5*p. Let i(s) = -4*j(s) - 5*u(s). Let l be i(-12). Suppose 4*k = -3 + l. List the prime factors of k.
2
Let u = -73 - -77. Suppose 392 = 3*n + 4*m, -u*m - 282 = -2*n - 14. List the prime factors of n.
2, 3, 11
Let f(o) = -o**3 - o**2 - 2*o + 128. Let g be f(0). Let k = g - 114. List the prime factors of k.
2, 7
Suppose -14*a - 150 = -9*a. Let r = a - -60. List the prime factors of r.
2, 3, 5
Let k(i) = i**3 + 9*i**2 + 8*i + 5. Let r be k(-8). Suppose -o = -q + 80, r*q + o = 2*o + 400. What are the prime factors of q?
2, 5
Let k be 4/(-14) + (-573)/(-21). Suppose 3*r + k - 141 = 0. Suppose 4*g - 134 + r = x, -g = -2*x - 31. What are the prime factors of g?
23
What are the prime factors of (-13 - -4)/(19256/(-3208) - -6)?
3, 401
Suppose -4*d = -5*q - 1380, 4*d = 24*q - 25*q + 1380. List the prime factors of d.
3, 5, 23
Let k(t) = 492*t - 120. What are the prime factors of k(5)?
2, 3, 5, 13
Suppose 5*o - 12 = 38. Let m be ((-3)/6)/((-1)/o). Suppose m*c = -0*c + 35. What are the prime factors of c?
7
Let j(t) be the second derivative of t**4/3 - t**3/2 - 5*t**2/2 - 2*t + 23. What are the prime factors of j(9)?
2, 73
Let d = 74 - 75. List the prime factors of (2 + -3)/(d/72).
2, 3
Suppose -97*n + 93*n + 928 = 0. List the prime factors of n.
2, 29
Let y(f) = 20*f**2 - 15*f - 42. What are the prime factors of y(-11)?
2543
Suppose v - 67 = 5*b + 354, -4*v = b - 1579. List the prime factors of v.
2, 3, 11
Let o(k) = -k**3 - 9*k**2 - 7*k - 20. Let n be o(-8). What are the prime factors of 2*11*(-70)/n?
5, 11
Let d be 17 - ((-2)/7 + (-2)/(-7)). Let i(p) = p**2 - 10*p - 13. List the prime factors of i(d).
2, 53
Let f be (72/48)/((-3)/(-4)). Suppose -6*h + 3*x + 349 = -5*h, -3*h + 1036 = f*x. What are the prime factors of h?
2, 173
Let t be 12/2*4/8. Suppose 3*u + 15 = 2*j, -j - u + 10 = -t*u. Suppose 0 = 7*i - j*i - 357. List the prime factors of i.
3, 17
Suppose 0 = -19*v + 17*v - 8. Let c be (-3)/v*(-24)/(-9). Suppose -21 = z - c*z. List the prime factors of z.
3, 7
Suppose 12*y + 4944 = 16*y. What are the prime factors of y?
2, 3, 103
Let g = -3255 + 5619. List the prime factors of g.
2, 3, 197
Suppose -20 = -w + 5*t, 0*w + t = 3*w - 4. Suppose 3*j = -w - 33. Let r(d) = -d + 2. What are the prime factors of r(j)?
13
Suppose 22*z + 30660 = 95*z. List the prime factors of z.
2, 3, 5, 7
Suppose -1565 = -4*k - 3*l, 3*k - 3*l - 2*l - 1181 = 0. What are the prime factors of 0 + (-4 - k/(-2))?
2, 3
Let l(o) = 3*o**2 + 23*o - 8. Let s be l(-11). What are the prime factors of 16/(-3*(406/s - 4))?
2, 17
Suppose -5*t + 169 = -i, -t - 3*i = 3*t - 120. Let p = 288 - 302. Let b = t + p. List the prime factors of b.
19
Suppose 4 - 62 = 2*b. Let c = -144 + 184. Let p = b + c. List the prime factors of p.
11
Let h be 2 + -4 + (-1 - 1). Let i(d) = -10*d - 6. Let u be i(h). Let o = u + -19. What are the prime factors of o?
3, 5
Let g = 2 + 2. Suppose 5*p - g = 3*p. Suppose -28 = -5*l - 2*d + 3*d, 4*d + 4 = p*l. List the prime factors of l.
2, 3
Let j(q) = q - 1. Let f be j(4). Suppose 0*x + 5*x = -20, -4*x = f*m - 77. Suppose 14 = 5*g - m. What are the prime factors of g?
3
Let h be 0/((-49)/(-35) - 3/(-5)). Suppose h = 8*m - 23 - 161. List the prime factors of m.
23
Let o(h) = 2*h**3 - 4*h**2 + 2. Suppose -2 - 5 = -c - 3*z, -3*c = -5*z - 7. Suppose 0 = -c*w + w + 9. What are the prime factors of o(w)?
2, 5
Let t be ((-6)/16)/(3/(-24)). Suppose 0 = t*b - 106 - 41. List the prime factors of b.
7
Let j be ((-14)/(-14))/((-2)/(-58)). Suppose 0 = 9*v - 10*v + j. List the prime factors of v.
29
Let y(c) = -7*c + 151. What are the prime factors of y(-11)?
2, 3, 19
Suppose 21*u = 13*u + 14896. What are the prime factors of u?
2, 7, 19
Let i(y) = y**2 - 4*y - 3. Let p(w) = -3*w**2 + 17*w + 12. Let c(d) = 26*i(d) + 6*p(d). What are the prime factors of c(3)?
2, 3, 5
Let s(t) = -t**2 - 5*t + 10. Let z be s(2). List the prime factors of (-339)/(-2) - (2/z - -1).
13
List the prime factors of (-28)/(-21) - 15085/(-15).
19, 53
Let d be ((-2)/(-6))/(2/(-12)). Let z be 2*d*(5 - 6). Suppose 2*a - 6*h = -h + 62, -z*a = 3*h - 124. List the prime factors of a.
31
Suppose 288*j - 36510 = 273*j. List the prime factors of j.
2, 1217
Suppose 0 = 3*k - k - 420. Suppose -2*b - 2*w + k = 0, 4*w - 201 = -2*b + 5*w. What are the prime factors of b?
2, 3, 17
Suppose -5*t + 39 = 9. Suppose a = t*a - 140. What are the prime factors of a?
2, 7
Suppose 0*z = -3*z + 18. Let x(i) = i**3 - 6*i**2 + 5. Let o be x(z). Suppose -o*w = -12 + 2. What are the prime factors of w?
2
Suppose 4*o - 1883 = -5*r + 6*o, 0 = 5*r - 5*o - 1880. List the prime factors of r.
13, 29
Suppose -3*s + 2*d - 1 = 0, 2*d + 2*d = -4*s + 32. Suppose s = 5*g - 6*g. List the prime factors of 2 - (-47 - (-12)/g).
53
Let j(a) be the second derivative of -a**4/12 - a**3/3 + 2*a**2 - 4*a. Let x be j(-5). List the prime factors of -1 - 1 - (x + 0).
3
Let i(s) = 5*s**2 - s. Suppose b = 3 - 2. Let p be i(b). Let v(t) = t**3 - 3*t**2 + 2*t - 1. What are the prime factors of v(p)?
23
Let m be 435/18 - 1/6. Let z = -20 + m. Suppose 2*x - 444 = -z*x. What are the prime factors of x?
2, 37
Suppose -2*d - 5*b + 364 = 0, -7*d + 5*d + 396 = -3*b. What are the prime factors of d?
2, 3
Suppose -7*h + 12 = -h. Suppose 2*d + 47 = 5*l, 2*d + 4*l = 3*l - 29. What are the prime factors of d/((-5)/45*h)?
2, 3
Let h be 8/(-28) + (-75)/7. Let k(d) = d**3 + 11*d**2 + d + 14. Let r be k(h). What are the prime factors of r/(-18) - (-412)/24?
17
Suppose -3*p - 25515 = -38*p. List the prime factors of p.
3
Suppose 0 = -2*y + 1 + 7. Suppose 8*c + 24 = y*c. List the prime factors of 2/c + (-264)/(-9).
29
Let u = -9 + -4. Let d = u - -13. Suppose 5*p - 4*m - 15 = d, 6 = p + p + 5*m. What are the prime factors of p?
3
Let z = -47 + 52. Let m = 24 - z. What are the prime factors of m?
19
Let d = -6 - -37. Let k = -4 + d. What are the prime factors of k?
3
Let u(d) = d**2 - 5*d + 2. Let h be u(4). Let i be ((-126)/(-56))/(-2 + 19/8). List the prime factors of (-4)/i*177/h.
59
Let b = 10 + -3. Let g(w) = w**2 - 6*w - 16. Let o be g(b). Let i = o - -19. List the prime factors of i.
2, 5
Let o(y) = -14*y**2 + 119*y - 11. What are the prime factors of o(6)?
199
Let n(r) = -24*r - 5. Let q(o) = o - 1. Let f(m) = n(m) + 4*q(m). Let p be f(4). Let h = -34 - p. List the prime factors of h.
5, 11
Let p(t) = -4*t. Suppose -3*o - 2 = 4. Let z be ((-10)/20)/(o/(-4)). List the prime factors of p(z).
2
Let d = 1138 - 201. List the prime factors of d.
937
Let y(i) = 8*i + 5. Let z be y(-3). Let s = -17 - z. Suppose -4*b = 4*a - b - 136, 2*a = -s*b + 66. What are the prime factors of a?
37
Let h(n) = n**2 - 8*n + 2. Let s be h(8). Let f = s + 2. Suppose -4*z = u - 12, -2 - 2 = u - f*z. What are the prime factors of u?
2
Let g(h) = h**3 - 23*h**2 + 18*h - 20. Let c be g(22). Let w = 297 + c. What are the prime factors of w?
3, 7
Let u = 104 + -104. Suppose u = -7*n + 10*n - 123. List the prime factors of n.
41
List the prime factors of (4*-18)/((-3)/84*2).
2, 3, 7
Let d = -59 - -77. W